{"id":4,"date":"2009-11-12T18:23:37","date_gmt":"2009-11-13T00:23:37","guid":{"rendered":"http:\/\/www.iglesiaortodoxa.org.mx\/informacion\/?page_id=4"},"modified":"2018-10-24T17:33:40","modified_gmt":"2018-10-24T23:33:40","slug":"arquidiocesis","status":"publish","type":"page","link":"http:\/\/iglesiaortodoxa.org.mx\/informacion\/arquidiocesis\/","title":{"rendered":"Arquidi\u00f3cesis"},"content":{"rendered":"<p style=\"text-align: justify;\"><a href=\"http:\/\/iglesiaortodoxa.org.mx\/informacion\/wp-content\/uploads\/\/DSC_1158-1.jpg\" rel=\"attachment wp-att-9876\" data-rel=\"lightbox-image-0\" data-rl_title=\"\" data-rl_caption=\"\" title=\"\"><img loading=\"lazy\" class=\"size-thumbnail wp-image-9876 alignleft\" src=\"http:\/\/iglesiaortodoxa.org.mx\/informacion\/wp-content\/uploads\/\/DSC_1158-150x150-1.jpg\" alt=\"DSC_1158\" width=\"150\" height=\"150\" \/><\/a>La Arquidi\u00f3cesis est\u00e1 bajo la jurisdicci\u00f3n espiritual del Patriarcado Griego de Antioqu\u00eda\u00a0la cual es una de las quince iglesias autoc\u00e9falas de la\u00a0comuni\u00f3n ortodoxa. Es uno de los cinco patriarcados de la Iglesia primitiva anterior al\u00a0Cisma de Oriente y Occidente.<\/p>\n<p style=\"text-align: justify;\">La Arquidi\u00f3cesis de M\u00e9xico es notablemente grande. \u00a0Se extiende a lo largo de \u00a0M\u00e9xico, Venezuela, Centroam\u00e9rica y El Caribe. Su Eminencia Ignacio Sama\u00e1n es el Arzobispo Metropolitano de esta jurisdicci\u00f3n. La sede \u00a0de la Arquidi\u00f3cesis se encuentra en M\u00e9xico.<\/p>\n","protected":false},"excerpt":{"rendered":"<p>La Arquidi\u00f3cesis est\u00e1 bajo la jurisdicci\u00f3n espiritual del Patriarcado Griego de Antioqu\u00eda\u00a0la cual es una de las quince iglesias autoc\u00e9falas de la\u00a0comuni\u00f3n ortodoxa. Es uno de los cinco patriarcados de la Iglesia primitiva anterior al\u00a0Cisma de Oriente y Occidente. La Arquidi\u00f3cesis de M\u00e9xico es notablemente grande. \u00a0Se extiende a lo largo de \u00a0M\u00e9xico, Venezuela, Centroam\u00e9rica [&hellip;]<\/p>\n","protected":false},"author":13,"featured_media":0,"parent":0,"menu_order":2,"comment_status":"closed","ping_status":"closed","template":"","meta":{"_bbp_topic_count":0,"_bbp_reply_count":0,"_bbp_total_topic_count":0,"_bbp_total_reply_count":0,"_bbp_voice_count":0,"_bbp_anonymous_reply_count":0,"_bbp_topic_count_hidden":0,"_bbp_reply_count_hidden":0,"_bbp_forum_subforum_count":0},"_links":{"self":[{"href":"http:\/\/iglesiaortodoxa.org.mx\/informacion\/wp-json\/wp\/v2\/pages\/4"}],"collection":[{"href":"http:\/\/iglesiaortodoxa.org.mx\/informacion\/wp-json\/wp\/v2\/pages"}],"about":[{"href":"http:\/\/iglesiaortodoxa.org.mx\/informacion\/wp-json\/wp\/v2\/types\/page"}],"author":[{"embeddable":true,"href":"http:\/\/iglesiaortodoxa.org.mx\/informacion\/wp-json\/wp\/v2\/users\/13"}],"replies":[{"embeddable":true,"href":"http:\/\/iglesiaortodoxa.org.mx\/informacion\/wp-json\/wp\/v2\/comments?post=4"}],"version-history":[{"count":12,"href":"http:\/\/iglesiaortodoxa.org.mx\/informacion\/wp-json\/wp\/v2\/pages\/4\/revisions"}],"predecessor-version":[{"id":12970,"href":"http:\/\/iglesiaortodoxa.org.mx\/informacion\/wp-json\/wp\/v2\/pages\/4\/revisions\/12970"}],"wp:attachment":[{"href":"http:\/\/iglesiaortodoxa.org.mx\/informacion\/wp-json\/wp\/v2\/media?parent=4"}],"curies":[{"name":"wp","href":"https:\/\/api.w.org\/{rel}","templated":true}]}}