{"id":142,"date":"2009-11-18T13:57:48","date_gmt":"2009-11-18T19:57:48","guid":{"rendered":"http:\/\/www.iglesiaortodoxa.org.mx\/informacion\/?page_id=142"},"modified":"2024-06-17T11:09:04","modified_gmt":"2024-06-17T17:09:04","slug":"monasterio-de-san-antonio-el-grande","status":"publish","type":"page","link":"http:\/\/iglesiaortodoxa.org.mx\/informacion\/arquidiocesis\/parroquias\/mexico\/monasterio-de-san-antonio-el-grande\/","title":{"rendered":"Monasterio de San Antonio el Grande"},"content":{"rendered":"<p style=\"text-align: center;\"><span style=\"color: #993300;\"><strong>Monasterio San Antonio el Grande<\/strong><\/span><\/p>\n<p style=\"text-align: center;\">Estado de M\u00e9xico, Jilotepec, Rancho los duraznos Km. 2 Comunidad el Xhitey C.P. 54270.<br \/>\nTel.\u00a0<a href=\"tel:+527617342190\">+52 (761) 734-21-90<\/a>,\u00a0<a href=\"tel:+527617342180\">+52 (761)734 21 80<\/a><\/p>\n<p style=\"text-align: center;\"><strong>P\u00e1rroco: R.P. Presb\u00edtero Efr\u00e9n N\u00f3guez<\/strong><\/p>\n<p style=\"text-align: center;\">e-mail: <a href=\"mailto:efrainoguez@hotmail.com\">efrainoguez@hotmail.com<\/a><br \/>\nTel: <a href=\"tel:+525572198736\">+52 55 7219-8736<\/a><\/p>\n<h4 style=\"text-align: center;\">Horario Divina Liturgia<\/h4>\n<p style=\"text-align: center;\">Domingos a las 10:00 a.m.<\/p>\n","protected":false},"excerpt":{"rendered":"<p>Monasterio San Antonio el Grande Estado de M\u00e9xico, Jilotepec, Rancho los duraznos Km. 2 Comunidad el Xhitey C.P. 54270. Tel.\u00a0+52 (761) 734-21-90,\u00a0+52 (761)734 21 80 P\u00e1rroco: R.P. Presb\u00edtero Efr\u00e9n N\u00f3guez e-mail: efrainoguez@hotmail.com Tel: +52 55 7219-8736 Horario Divina Liturgia Domingos a las 10:00 a.m.<\/p>\n","protected":false},"author":13,"featured_media":0,"parent":27,"menu_order":3,"comment_status":"closed","ping_status":"closed","template":"","meta":{"_bbp_topic_count":0,"_bbp_reply_count":0,"_bbp_total_topic_count":0,"_bbp_total_reply_count":0,"_bbp_voice_count":0,"_bbp_anonymous_reply_count":0,"_bbp_topic_count_hidden":0,"_bbp_reply_count_hidden":0,"_bbp_forum_subforum_count":0},"_links":{"self":[{"href":"http:\/\/iglesiaortodoxa.org.mx\/informacion\/wp-json\/wp\/v2\/pages\/142"}],"collection":[{"href":"http:\/\/iglesiaortodoxa.org.mx\/informacion\/wp-json\/wp\/v2\/pages"}],"about":[{"href":"http:\/\/iglesiaortodoxa.org.mx\/informacion\/wp-json\/wp\/v2\/types\/page"}],"author":[{"embeddable":true,"href":"http:\/\/iglesiaortodoxa.org.mx\/informacion\/wp-json\/wp\/v2\/users\/13"}],"replies":[{"embeddable":true,"href":"http:\/\/iglesiaortodoxa.org.mx\/informacion\/wp-json\/wp\/v2\/comments?post=142"}],"version-history":[{"count":22,"href":"http:\/\/iglesiaortodoxa.org.mx\/informacion\/wp-json\/wp\/v2\/pages\/142\/revisions"}],"predecessor-version":[{"id":18614,"href":"http:\/\/iglesiaortodoxa.org.mx\/informacion\/wp-json\/wp\/v2\/pages\/142\/revisions\/18614"}],"up":[{"embeddable":true,"href":"http:\/\/iglesiaortodoxa.org.mx\/informacion\/wp-json\/wp\/v2\/pages\/27"}],"wp:attachment":[{"href":"http:\/\/iglesiaortodoxa.org.mx\/informacion\/wp-json\/wp\/v2\/media?parent=142"}],"curies":[{"name":"wp","href":"https:\/\/api.w.org\/{rel}","templated":true}]}}